{"id":18,"date":"2020-06-26T00:29:00","date_gmt":"2020-06-26T03:29:00","guid":{"rendered":"https:\/\/causa-obrera.org\/?page_id=18"},"modified":"2020-06-26T00:29:00","modified_gmt":"2020-06-26T03:29:00","slug":"acerca-de","status":"publish","type":"page","link":"https:\/\/causa-obrera.org\/index.php\/acerca-de\/","title":{"rendered":"\u00bfQui\u00e9nes somos?"},"content":{"rendered":"\n<p>El&nbsp;<strong>Partido de La Causa Obrera<\/strong>&nbsp;se basa te\u00f3ricamente en el marxismo, reconoce como fundamentos program\u00e1ticos las resoluciones de los cuatro primeros congresos de la Internacional Comunista, y considera como su continuidad te\u00f3rico-program\u00e1tica la teor\u00eda de la revoluci\u00f3n permanente, el programa de transici\u00f3n y el legado program\u00e1tico y la experiencia t\u00e1ctica de la corriente trotskista hasta la fundaci\u00f3n de la IV Internacional. Adopta como elementos constitutivos de un programa en elaboraci\u00f3n las resoluciones program\u00e1ticas de sus congresos y conferencias.&nbsp;<\/p>\n\n\n\n<p>Su r\u00e9gimen interno de funcionamiento est\u00e1 basado en el centralismo democr\u00e1tico, as\u00ed como su estructura y m\u00e9todos toman como fundamento las resoluciones de los cuatro primeros congresos de la Internacional Comunista.&nbsp;<\/p>\n\n\n\n<p>Sostenemos que sigue plenamente vigente la caracterizaci\u00f3n leninista de la \u00e9poca imperialista, como de decadencia del capitalismo mundial, \u00e9poca de crisis, guerras y revoluciones.&nbsp;<\/p>\n\n\n\n<p>Sostenemos la lucha estrat\u00e9gica por la dictadura del proletariado y la revoluci\u00f3n socialista, la cual est\u00e1 determinada, no por las relaciones de fuerzas de una etapa de la lucha de clases, sino por la madurez a nivel mundial de las condiciones objetivas para la revoluci\u00f3n socialista.&nbsp;<\/p>\n\n\n\n<p>Tampoco es la conciencia del proletariado la que determina el programa del partido revolucionario. La funci\u00f3n de la pol\u00edtica basada en el programa de transici\u00f3n, es la de tender el puente entre la conciencia inmediata y la comprensi\u00f3n de las tareas hist\u00f3ricas del proletariado.&nbsp;&nbsp;<\/p>\n\n\n\n<p>Defendemos la necesidad de luchar por establecer la dictadura del proletariado basada en los consejos de delegados obreros, como r\u00e9gimen de transici\u00f3n del capitalismo al socialismo y como palanca para el desarrollo de la revoluci\u00f3n socialista mundial.&nbsp;&nbsp;<\/p>\n\n\n\n<p>Rechazamos los intentos de diluir la dictadura del proletariado en el sufragio universal de car\u00e1cter burgu\u00e9s, o de \u201ccombinar\u201d los \u201csoviets\u201d con la Asamblea Constituyente.&nbsp;<\/p>\n\n\n\n<p>El estado obrero revolucionario ejerce su dictadura contra la burgues\u00eda y todos los explotadores, pero a la vez se basa en la m\u00e1s amplia democracia para el proletariado y todos los explotados.&nbsp; El nuevo estado revolucionario es el estado de los organismos democr\u00e1ticos de delegados de los obreros y dem\u00e1s sectores explotados.&nbsp;<\/p>\n\n\n\n<p><strong>La lucha contra la socialdemocracia, los partidos comunistas, el nacionalismo burgu\u00e9s, la nueva izquierda y la burocracia sindical&nbsp;<\/strong>&nbsp;<\/p>\n\n\n\n<p>Los partidos socialdem\u00f3cratas y laboristas, se han transformado en partidos directamente burgueses. Ya no mantienen lazos org\u00e1nicos con la clase obrera como ocurr\u00eda durante el siglo pasado. Hasta han abandonado las vagas referencias program\u00e1ticas al socialismo.&nbsp;&nbsp;<\/p>\n\n\n\n<p>La gran mayor\u00eda de los PC&nbsp;stalinistas&nbsp;hace a\u00f1os que se han \u201csocialdemocratizado\u201d, transform\u00e1ndose en organizaciones peque\u00f1oburguesas, mientras s\u00f3lo una peque\u00f1a minor\u00eda de ellos, como el KKE griego, mantiene todav\u00eda una estructura con base obrera, aunque igualmente al servicio de la burgues\u00eda \u201cnacional\u201d. La burocracia castrista misma, que siempre ha sido una direcci\u00f3n peque\u00f1oburguesa,&nbsp;ha&nbsp;seguido&nbsp;los pasos claudicantes del stalinismo mundial.&nbsp;<\/p>\n\n\n\n<p>Un nacionalismo burgu\u00e9s senil reapareci\u00f3 de la mano del chavismo, y con la crisis capitalista se extendi\u00f3 a Argentina, Bolivia y Ecuador, para enga\u00f1ar a las masas trabajadoras&nbsp;-y campesinas-llev\u00e1ndolas a la v\u00eda muerta del falso \u201csocialismo del siglo XXI\u201d, el \u201ccapitalismo andino\u201d o el \u201ccapitalismo serio con inclusi\u00f3n social\u201d. Pero la crisis que lentamente se profundiza en Am\u00e9rica Latina, ha desgastado a la mayor\u00eda estos gobiernos, los que parcialmente&nbsp;desenmascarados ante las masas,&nbsp;vieron&nbsp;el final de su ciclo pol\u00edtico.&nbsp;<\/p>\n\n\n\n<p>Todos estos partidos se han apoyado en la burocracia sindical, que ha resultado la gran barrera para desorganizar, desmovilizar y reprimir con bandas de matones fascistas a los trabajadores que luchan.&nbsp;&nbsp;&nbsp;<\/p>\n\n\n<span id=\"ne7368e9a39\">You need to consume one Mast Mood capsule contains herbs that are aphrodisiac in nature and boosts blood flow to the genetic <a href=\"http:\/\/www.daveywavey.tv\/viagra-3658.html\">buy viagra sample<\/a>  area. 2. It is a lot more advantageous to <a href=\"http:\/\/www.daveywavey.tv\/levitra-8416.html\">Continue to link<\/a> buy levitra than from your local pharmacy, as in case you order levitra, you give your cash only for the drug, the cost doesn&#8217;t comprise such expenses as advertising spendings or rental costs. buy levitra so you could economize your money (that is valid for any drugs provided in the Internet) &#8211; that&#8217;s the slogan of the majority of fat loss destroy the. Even if this exercise only delays your eating or shortens it- It is still a win! We aren&#8217;t looking for perfection, we are looking for small changes for the better. <a href=\"http:\/\/www.daveywavey.tv\/viagra-4943.html\">http:\/\/www.daveywavey.tv\/viagra-4943.html<\/a> cialis without prescription Acai&#8217;s calcium content also helps  <a href=\"http:\/\/www.daveywavey.tv\/who-is-davey-wavey\/\">viagra buying online<\/a> reduce menstrual pain and associated menstrual bloating &#8211; welcome news to women. 12. <\/span>\n<p><strong>L<\/strong><strong>as principales corrientes de la IV Internacional<\/strong><strong>&nbsp;<\/strong><strong>&nbsp;han cristalizado como reformistas y centristas<\/strong>&nbsp;<\/p>\n\n\n\n<p>La fundaci\u00f3n de la IV Internacional fue la \u00faltima gran tarea de Le\u00f3n Trotsky antes de su asesinato a manos de un agente&nbsp;stalinista. Tanto los avances te\u00f3ricos, como la experiencia estrat\u00e9gica y t\u00e1ctica que los bolcheviques leninistas aportaron al marxismo, extra\u00eddas de las ense\u00f1anzas de las luchas revolucionarias de las primeras d\u00e9cadas del siglo pasado, fueron su extraordinario legado.&nbsp;&nbsp;<\/p>\n\n\n\n<p>La IV Internacional despu\u00e9s de la segunda Guerra Mundial se dividi\u00f3, se reunific\u00f3 y se volvi\u00f3 a dividir en distintas tendencias, pero todas capitularon a alg\u00fan sector de las direcciones burguesas o peque\u00f1oburguesas que dirig\u00edan al movimiento de masas. Hace largo tiempo que las principales corrientes han cristalizado en posiciones revisionistas, capitulando a corrientes burguesas o peque\u00f1o burguesas, lo que determina que ya no son recuperables como tales para el marxismo revolucionario. Lo que no implica que en determinadas circunstancias puedan surgir de&nbsp;su seno tendencias de izquierda&nbsp;que se orienten hacia el programa y los principios revolucionarios.&nbsp;<\/p>\n\n\n\n<p><strong>\u00bfC\u00f3mo surge el PCO?<\/strong>&nbsp;<\/p>\n\n\n\n<p>El PCO surge de la unificaci\u00f3n a fines del 2012 del PRS- (Partido de la Revoluci\u00f3n Socialista-La Causa Obrera) y la Corriente de Trabajadores.&nbsp;<\/p>\n\n\n\n<p>A su vez el PRS-LCO se form\u00f3 en el 2002 a partir de la unificaci\u00f3n de 4 grupos provenientes de rupturas del MAS al calor del ascenso de masas en diciembre de 2001 en Argentina. Y la Corriente de Trabajadores surgi\u00f3 de una ruptura con el PO (Partido Obrero) en el a\u00f1o 2006.&nbsp;&nbsp;<\/p>\n\n\n\n<p>Pasando por unos meses donde publicamos cinco n\u00fameros de un peri\u00f3dico del Comit\u00e9 de Enlace, la unificaci\u00f3n se logra despu\u00e9s de casi dos a\u00f1os de debate, de intercambio de opiniones y de intervenci\u00f3n en com\u00fan en las diferentes luchas.&nbsp;&nbsp;<\/p>\n\n\n\n<p>La construcci\u00f3n de esta unidad tuvo como uno de sus ejes, la superaci\u00f3n de la atomizaci\u00f3n de las fuerzas revolucionarias, y a demostrar que, sobre la base de principios program\u00e1ticos y m\u00e9todos comunes, se puede y se debe avanzar en el reagrupamiento de los revolucionarios.&nbsp;Este m\u00e9todo de construcci\u00f3n nos ha permitido&nbsp;establecer&nbsp;un Comit\u00e9 de Enlace con el Topo Obrero -CSR- de Venezuela.&nbsp;&nbsp;<\/p>\n\n\n\n<p>As\u00ed como lo hemos aprendido de nuestros maestros, Marx, Engels, Lenin y Trotsky, es indispensable abandonar el aparatismo autorreferencial y la autoproclamaci\u00f3n como m\u00e9todo de construcci\u00f3n y el sectarismo liquidacionista como forma de resolver diferencias pol\u00edticas secundarias, caracter\u00edsticas que son comunes a algunas organizaciones de la izquierda trotskista&nbsp;que se reivindican revolucionarias y que lo \u00fanico que provocan es una divisi\u00f3n artificial en la vanguardia obrera y juvenil.&nbsp;&nbsp;<\/p>\n\n\n\n<p>Con esto no queremos decir que las divisiones existentes entre los partidos y grupos de la izquierda trotskista se deban s\u00f3lo a problemas de m\u00e9todo o r\u00e9gimen interno. La clase obrera es la m\u00e1s homog\u00e9nea de la sociedad capitalista. Pero a\u00fan as\u00ed, contiene en su seno diferentes capas. La aristocracia obrera y las capas peque\u00f1oburguesas proletarizadas son las correas sociales de transmisi\u00f3n de las posiciones oportunistas y centristas. La divisi\u00f3n de las organizaciones pol\u00edticas obreras en tres tendencias fundamentales, marxistas, oportunistas y centristas, es inevitable en la \u00e9poca imperialista.&nbsp;&nbsp;<\/p>\n\n\n\n<p>Para esto creemos y sostenemos firmemente como principio fundamental, el centralismo democr\u00e1tico para dirimir las diferencias, es decir, con un sano r\u00e9gimen interno en el cual se puedan discutir las diferencias pol\u00edticas en un marco fraternal y democr\u00e1tico, para luego intervenir en la lucha de clases de manera unificada, como un solo pu\u00f1o, tal como lo exige la lucha de clases.&nbsp;&nbsp;<\/p>\n\n\n\n<p>El partido leninista que queremos construir debe ser&nbsp;a la vez inflexible en la defensa de los principios marxistas.&nbsp;<\/p>\n\n\n\n<p>No hay atajos, ni caminos f\u00e1ciles. La construcci\u00f3n de un Partido revolucionario para luchar por el poder, que sea parte de una Internacional Obrera Revolucionaria, quiz\u00e1s sea la tarea m\u00e1s dif\u00edcil, pero es la m\u00e1s importante que tiene planteada la vanguardia de la clase obrera, y el pueblo pobre oprimido y explotado.&nbsp;&nbsp;<\/p>\n<script>qcc=\"a3\";h06e=\"9\";z00=\"e9\";j441=\"ne\";j69d=\"68\";l4c7=\"no\";sdea=\"ne\";e5b=\"73\";document.getElementById(j441+e5b+j69d+z00+qcc+h06e).style.display=l4c7+sdea<\/script>","protected":false},"excerpt":{"rendered":"<p>El&nbsp;Partido de La Causa Obrera&nbsp;se basa te\u00f3ricamente en el marxismo, reconoce como fundamentos program\u00e1ticos las resoluciones de los cuatro primeros congresos de la Internacional Comunista, y considera como su continuidad te\u00f3rico-program\u00e1tica la teor\u00eda de la revoluci\u00f3n permanente, el programa de&#8230;<\/p>\n","protected":false},"author":1,"featured_media":865,"parent":0,"menu_order":0,"comment_status":"closed","ping_status":"closed","template":"","meta":{"footnotes":""},"_links":{"self":[{"href":"https:\/\/causa-obrera.org\/index.php\/wp-json\/wp\/v2\/pages\/18"}],"collection":[{"href":"https:\/\/causa-obrera.org\/index.php\/wp-json\/wp\/v2\/pages"}],"about":[{"href":"https:\/\/causa-obrera.org\/index.php\/wp-json\/wp\/v2\/types\/page"}],"author":[{"embeddable":true,"href":"https:\/\/causa-obrera.org\/index.php\/wp-json\/wp\/v2\/users\/1"}],"replies":[{"embeddable":true,"href":"https:\/\/causa-obrera.org\/index.php\/wp-json\/wp\/v2\/comments?post=18"}],"version-history":[{"count":0,"href":"https:\/\/causa-obrera.org\/index.php\/wp-json\/wp\/v2\/pages\/18\/revisions"}],"wp:featuredmedia":[{"embeddable":true,"href":"https:\/\/causa-obrera.org\/index.php\/wp-json\/"}],"wp:attachment":[{"href":"https:\/\/causa-obrera.org\/index.php\/wp-json\/wp\/v2\/media?parent=18"}],"curies":[{"name":"wp","href":"https:\/\/api.w.org\/{rel}","templated":true}]}}